172
Let w(q) = -1801*q + 16211. Determine w(9).
2
Let u(l) = 28*l - 35. Calculate u(1).
-7
Let r(h) = 4*h**3 + 24*h**2 + 2*h - 10. Determine r(-6).
-22
Let c(g) = 3*g**2 - 76*g + 30. Calculate c(5).
-275
Let r(j) = -j**2 + 53*j + 5149. Determine r(103).
-1
Let q(j) = 87*j - 1815. Determine q(21).
12
Let s(i) = -3*i**2 + 11*i + 30. Determine s(4).
26
Let x(n) = -127*n - 1801. Determine x(-14).
-23
Let a(i) = 216*i + 133. Calculate a(0).
133
Let g(v) = -4*v**2 + 119*v - 273. Calculate g(26).
117
Let i(r) = 7*r**2 + 21*r + 137. What is i(-5)?
207
Let h(n) = -n**3 - 61*n**2 + 96*n + 2120. Determine h(-62).
12
Let r(p) = p**3 + 14*p**2 - 21*p - 1. What is r(-9)?
593
Let z(k) = -62*k**2 + 5*k - 247. Calculate z(0).
-247
Let t(r) = -r**3 + 15*r**2 - 22*r + 320. Give t(15).
-10
Let n(y) = 2*y**3 + 6*y**2 + 47*y + 202. What is n(-5)?
-133
Let s(i) = 666*i + 3318. Calculate s(-5).
-12
Let h(d) = 10*d - 29. Determine h(25).
221
Let r(f) = f**2 - 21*f + 105. What is r(7)?
7
Let a(f) = -2*f**2 - 95*f + 1573. Determine a(13).
0
Let c(g) = -g**2 - 80*g - 1573. Determine c(-43).
18
Let d(o) = -27*o + 945. What is d(36)?
-27
Let m(g) = -363*g**2 - 10*g + 1. What is m(0)?
1
Let i(a) = -210*a + 714. Give i(3).
84
Let j(q) = -q**3 - 7*q**2 - q - 2. Determine j(-7).
5
Let h(o) = 85*o + 600. Give h(-7).
5
Let c(z) = 572*z - 4560. Determine c(8).
16
Let l(m) = 62*m - 25. Determine l(0).
-25
Let o(v) = -12*v**2 + 16*v + 8. Give o(2).
-8
Let o(m) = -m**2 - 59*m + 1035. What is o(16)?
-165
Let r(l) = -6*l + 140. Calculate r(8).
92
Let o(u) = -48*u + 7. Determine o(-6).
295
Let a(f) = f**3 - 36*f**2 - 34*f + 2420. Calculate a(35).
5
Let i(j) = 40*j**2 - 236*j - 18. Give i(6).
6
Let q(k) = 1177*k + 3507. What is q(-3)?
-24
Let k(z) = -526*z - 510. What is k(-1)?
16
Let y(z) = 43*z**3 - 5*z**2 - 2*z + 4. What is y(2)?
324
Let s(x) = 5*x**2 + 13*x - 72. What is s(-5)?
-12
Let k(g) = -g**3 + 42*g**2 - 2*g + 82. Give k(42).
-2
Let l(z) = -61*z**2 + 669*z - 49. Determine l(11).
-71
Let a(m) = 3*m**3 + 328*m**2 + 106*m - 138. Give a(-109).
189
Let g(t) = -16*t**3 + t**2 - t + 10. Give g(2).
-116
Let h(u) = -2*u**2 - 205*u - 1472. Give h(-95).
-47
Let d(v) = 99*v**2 + 6*v + 6. Give d(-2).
390
Let q(l) = -260*l + 3627. Determine q(14).
-13
Let m(b) = -50*b + 6661. What is m(132)?
61
Let u(h) = -2*h**2 - 21*h - 106. Determine u(-7).
-57
Let f(s) = 19*s + 540. Give f(-26).
46
Let c(y) = y**3 - 27*y**2 + 62*y - 11. Calculate c(2).
13
Let w(v) = 133*v**2 - 32*v - 34. Calculate w(-1).
131
Let k(s) = 45*s + 1882. Give k(-42).
-8
Let p(f) = -f**3 - 4*f**2 - 6*f - 21. Calculate p(-4).
3
Let m(g) = g**2 + 3*g + 14. Determine m(-4).
18
Let d(v) = -v**3 - 10*v**2 + 29*v + 3. Determine d(-13).
133
Let q(d) = d**2 + 44*d + 296. What is q(-37)?
37
Let b(x) = -188*x + 549. Determine b(3).
-15
Let m(p) = -85*p**2 + 88*p - 174. What is m(2)?
-338
Let a(h) = 60*h + 325. What is a(-5)?
25
Let v(p) = p**3 - 43*p**2 - 296*p + 100. Calculate v(49).
2
Let r(x) = -482*x - 53504. What is r(-111)?
-2
Let f(y) = y**3 + 62*y**2 - 1840*y + 672. Determine f(-84).
0
Let t(o) = -100*o + 91. What is t(1)?
-9
Let f(q) = -20*q - 84. Determine f(-5).
16
Let q(l) = 8*l - 436. Determine q(62).
60
Let a(k) = -17*k**3 - 6*k**2 - 1. What is a(2)?
-161
Let d(r) = -18*r + 1344. What is d(76)?
-24
Let d(h) = -h**3 + 5*h**2 + 17*h + 66. What is d(9)?
-105
Let g(u) = 2343*u - 14045. Give g(6).
13
Let s(j) = -j**2 - 842*j + 41787. Calculate s(47).
4
Let g(w) = w**2 - 924*w - 223475. What is g(-199)?
2
Let v(c) = c**2 + 28*c - 11. What is v(-15)?
-206
Let o(j) = -j**3 - 7*j**2 - 42*j - 311. Determine o(-8).
89
Let b(r) = r**2 + 3*r - 27. Determine b(3).
-9
Let b(v) = 2*v**2 - 37*v - 117. Give b(-3).
12
Let d(q) = q**2 + 9*q + 4. Calculate d(-9).
4
Let o(d) = -9*d**2 + 54*d - 57. What is o(4)?
15
Let y(x) = -x**2 - 75*x + 757. Give y(9).
1
Let b(a) = -25*a + 220. What is b(7)?
45
Let y(w) = 4*w**2 + 18*w - 104. What is y(-9)?
58
Let k(f) = -3*f**2 + 74*f - 291. Calculate k(4).
-43
Let o(h) = 235*h + 45827. Calculate o(-195).
2
Let j(h) = -89*h + 806. Determine j(10).
-84
Let u(p) = -2*p**3 + 12*p**2 + 34*p - 202. Calculate u(6).
2
Let t(c) = -49*c + 87. Calculate t(2).
-11
Let u(t) = -2*t**3 + 18*t**2 - 27*t + 13. Give u(7).
20
Let g(w) = -541*w - 1640. What is g(-3)?
-17
Let d(y) = 80*y - 4015. Give d(50).
-15
Let u(m) = -2*m**3 + 7*m**2 - 12*m + 6. Give u(2).
-6
Let i(d) = d**3 - 22*d**2 - 52*d - 122. Calculate i(24).
-218
Let o(k) = -17*k - 413. Give o(-21).
-56
Let b(d) = 2*d**2 - 26*d + 240. Calculate b(10).
180
Let a(b) = -206*b - 28193. Determine a(-137).
29
Let b(v) = -v**2 - 389*v - 12772. Calculate b(-36).
-64
Let l(t) = 3*t**2 - 48*t - 729. Calculate l(-13).
402
Let o(x) = -226*x - 2196. Calculate o(-10).
64
Let b(o) = o**2 + 1695*o + 15168. What is b(-9)?
-6
Let k(v) = -38*v + 26. Determine k(8).
-278
Let n(b) = -b**2 + 47*b + 1026. Determine n(-16).
18
Let k(v) = 183*v + 4056. Determine k(-22).
30
Let x(k) = 9*k + 33. What is x(-55)?
-462
Let r(y) = -6*y - 52. Determine r(-9).
2
Let o(z) = -z**3 - 161*z**2 - 1514*z - 27. Determine o(-10).
13
Let g(v) = -17*v**2 + 17*v - 50. Determine g(2).
-84
Let b(n) = 133*n - 170. Give b(2).
96
Let a(r) = 52*r**2 + 27*r + 25. Give a(-2).
179
Let z(v) = 2*v + 85. Calculate z(5).
95
Let s(r) = r**2 + 65*r + 532. Give s(-10).
-18
Let i(o) = -10*o**3 + 1920*o**2 + 2*o - 388. Give i(192).
-4
Let o(c) = -9*c + 586. Give o(66).
-8
Let u(h) = -2227*h - 22287. Give u(-10).
-17
Let v(n) = -4*n + 169. Determine v(58).
-63
Let h(a) = 4*a**2 - 18*a. What is h(6)?
36
Let y(u) = -17*u**2 - 82*u + 15. What is y(-5)?
0
Let d(y) = y**3 + 30*y**2 + 107*y + 2. Calculate d(-4).
-10
Let p(m) = 2*m**3 - 9*m**2 - 65*m + 607. What is p(7)?
397
Let q(g) = -4*g**2 + 121*g - 37. Determine q(29).
108
Let l(u) = -12*u**2 + 909*u + 193. Calculate l(76).
-35
Let w(o) = 98*o + 978. Give w(-10).
-2
Let n(u) = -7*u**2 + 77*u + 18. Calculate n(12).
-66
Let s(n) = -3*n**3 + 23*n**2 - 3*n - 1. Calculate s(6).
161
Let p(l) = 397*l + 1586. Give p(-4).
-2
Let x(l) = -21*l**2 - 7*l + 12. Calculate x(2).
-86
Let h(b) = 60*b**2 - 107*b + 198. Determine h(2).
224
Let o(g) = -66*g + 141. Calculate o(2).
9
Let w(g) = -4*g - 77. Calculate w(-27).
31
Let u(w) = 2*w**2 - 34*w + 24. Give u(16).
-8
Let w(o) = 3*o**2 + 520*o - 5308. Give w(-183).
-1
Let l(s) = 7*s**2 + 1524*s + 1084. Calculate l(-217).
-1
Let t(i) = i**2 + 5*i + 76. Calculate t(0).
76
Let o(p) = -438*p + 946. Determine o(2).
70
Let a(o) = -13*o**3 + 29*o**2 - 14*o + 19. Determine a(2).
3
Let q(c) = -130*c - 8185. Calculate q(-63).
5
Let g(q) = -q**3 - 119*q**2 - 232*q + 238. What is g(-117)?
4
Let v(n) = -78*n - 107. Calculate v(-5).
283
Let x(h) = 334*h - 13027. What is x(39)?
-1
Let j(t) = 50*t**3 + t**2 + 3*t - 3. Determine j(1).
51
Let b(w) = 3*w**2 + 234*w - 470. Give b(2).
10
Let b(p) = p**2 - 7*p - 2. What is b(9)?
16
Let n(s) = -s**2 + 45*s + 39. Determine n(45).
39
Let m(g) = -g**3 - 62*g**2 - 20*g - 789. What is m(-62)?
451
Let h(p) = 2*p**3 + 196*p**2 - 20*p - 1952. Calculate h(-98).
8
Let y(b) = 34*b**2 + 92*b + 60. Determine y(-2).
12
Let v(z) = z**3 - 251*z**2 + 6438*z + 14. Give v(29).
14
Let m(f) = -f**3 - 11*f**2 - 8*f + 86. Calculate m(-4).
6
Let j(o) = 229*o - 2073. Calculate j(9).
-12
Let g(a) = -383*a + 3465. Determine g(9).
18
Let p(x) = 126*x + 3533. Determine p(-28).
5
Let m(g) = -56*g + 314. Give m(11).
-302
Let d(h) = 6*h**2 - 267*h + 1983. Determine d(35).
-12
Let v(l) = 71*l - 59. Give v(2).
83
Let i(m) = 7*m**3 - 5*m**2 + 12*m - 29. Determine i(4).
387
Let l(i) = 8*i**2 + 23. What is l(-5)?
223
Let b(s) = 179*s - 245. Give b(2).
113
Let g(s) = -23*s + 102. Calculate g(15).
-243
Let s(m) = -m**3 - 23*m**2 + 167*m + 753. Calculate s(-28).
-3
Let f(n) = -n**2 + 33*n + 42. Determine f(26).
224
Let f(r) = -26*r + 219. Determine f(8).
11
Let s(r) = 15*r**2 + 152*r. Calculate s(-8).
-256
Let x(l) = 34*l + 182. What is x(-5)?
12
Let x(l) = -155*l - 14107. Calculate x(-91).
-2
Let k(j) = -7*j - 1. Give k(-15).
104
Let c(l) = -4484*l + 89682. Determine c(20).
2
Let j(u) = 5*u**2 + 48*u + 109. What is j(-5)?
-6
Let t(y) = -2232*y + 11166. What is t(5)?
6
Let k(q) = -1622*q + 3203. Give k(2).
-41
Let v(i) = i**3 + 103*i**2 - 426*i + 205. Cal